 2*j. List the prime factors of s.
2, 3, 5, 277
Let i(s) = s**3 + 17*s**2 - 11*s + 32. Suppose -d + 10*j = 5*j + 1, -71 = 5*d - 3*j. List the prime factors of i(d).
2, 29
List the prime factors of (49 - -7469)/(8/52).
3, 7, 13, 179
Let j(l) = l**2 + 23*l + 1337. What are the prime factors of j(69)?
5, 29, 53
Let d(a) = a**2 + 9. Let y be (1 + (-1)/(-2))*(-24)/9. Let x be d(y). Let l = 75 - x. What are the prime factors of l?
2, 5
Suppose -13*a - 582 = 237. Let o = a - -194. Suppose -4*g = -0*y - 5*y - o, 0 = 4*g - y - 151. List the prime factors of g.
3, 13
Let x be 358/(-2)*1/(-1). Let t = 246 - x. List the prime factors of t.
67
Suppose -624*n + 5*g = -623*n - 18980, -3*n - 3*g = -56832. List the prime factors of n.
2, 5, 379
Suppose -26 = -4*w + 2*d - 5*d, -4*w = 5*d - 30. Suppose 0 = w*m - 484 - 606. List the prime factors of m.
2, 109
Let c(p) = -33*p - 104. Let r = -194 - -187. List the prime factors of c(r).
127
Suppose -i + 2*b + 88862 = 4*i, -2*i + 5*b = -35528. List the prime factors of i.
2, 8887
Let g = -127 + 127. Suppose -4*f = 5*q - 1826, g = 3*q + 2*f - 1222 + 128. List the prime factors of q.
2, 181
Let k(v) = -v**3 + 36*v**2 - 5*v + 192. Let n be k(36). What are the prime factors of n/(-6)*3 + 576?
2, 3, 5, 19
Let q = -278 + 724. Suppose x - 3*x = 530. Let i = x + q. What are the prime factors of i?
181
Let s(f) be the first derivative of 19*f**3/3 - f**2 + 2*f - 13. What are the prime factors of s(4)?
2, 149
Let k(d) = 10*d**3 - 47*d**2 + 49*d - 13. What are the prime factors of k(14)?
41, 461
Let y = 9583 - 9063. What are the prime factors of y?
2, 5, 13
Let c(z) = -4*z**3 + 8*z**2 - 15*z - 1. Let h be c(5). Let w = 684 + h. What are the prime factors of w?
2, 7, 11
Suppose 73*s + 5*k = 70*s + 75999, -5*s = 3*k - 126697. What are the prime factors of s?
25343
Let p(w) = -12*w - 4*w - 17 - w**2 + 0*w. Suppose -51*s - 78 = 330. List the prime factors of p(s).
47
Let c(b) = 34*b**2 + 12*b - 45. Let m be c(6). Suppose 29*i = 32*i - m. List the prime factors of i.
3, 139
Let y = -13 + -1. Let j be ((-8780)/35 - (-2)/y)/(-1). Let x = 444 - j. List the prime factors of x.
193
Suppose 3*p = 6*p - 9. Suppose 0 = -p*b + a - 883, -b + 6*b + 1445 = -5*a. What are the prime factors of -4*(5/(-25) + b/10)?
2, 59
Suppose 0 = -6*l + 3*l + 5*p + 71, 4*p + 67 = 3*l. Suppose 16*d - l*d = -535. What are the prime factors of d?
5, 107
Let u(d) = 5*d**2 + 34*d - 1. Let g be u(-7). Suppose -n - g = -136. List the prime factors of n.
2, 5, 13
Let v be (8/4*1)/1. Suppose 0 = q - 5*z - 334, -v*q + 4*z - 165 + 839 = 0. List the prime factors of q.
3, 113
What are the prime factors of 4989*6/(-8)*56/(-126)?
1663
Let v be 36 - (-4 - -1 - 1). Let y = -44 + v. List the prime factors of 75 + y - (-2)/(-4)*4.
3, 23
Let z be 60/(-36) + 1/(-3). Let a be (z/4 - 65/(-10))/(-2). List the prime factors of (62 - 1) + -1 + a.
3, 19
Suppose -144*t + 727609 + 2834231 = 0. What are the prime factors of t?
3, 5, 17, 97
Suppose 5*z = 5*p - 29620, -5*p + 3*z + 4701 = -24921. List the prime factors of p.
3, 5, 79
Let l(r) = -2*r + 27. Let k be l(11). Suppose -865 = -3*h + 5*i, k*h + 6*i = 3*i + 1385. Suppose 216 + h = 4*b. List the prime factors of b.
2, 31
Suppose 7*p - 3*p = 16. Suppose -p*q + 5*o + 13 = 37, q = 3*o - 13. List the prime factors of q + 0 + (18 - (2 + 1)).
2, 7
Suppose -10*w - 661 + 56626 - 7425 = 0. List the prime factors of w.
2, 3, 809
Let m be 225/(2/(0 + 6)). Let o = m - 405. Suppose 0*b = -3*b + o. List the prime factors of b.
2, 3, 5
Let f be 2/(-15) + (-116)/30 + -4. Let y(c) = 4*c + 52. What are the prime factors of y(f)?
2, 5
Let m(v) = v**3 - 8*v**2 + 2*v + 6. Let r be m(8). Let z = -30 + r. List the prime factors of z/(-10) - (-4208)/40.
2, 53
Let z(m) = -m**2 + 16*m + 9. Let a be z(12). Suppose 57 - a = 2*d. Suppose 0 = -4*x + 20, -l + x + d*x = -85. What are the prime factors of l?
2, 3, 5
Let w(y) = 18*y + 184. Let o be w(-10). List the prime factors of 38/o*(19 - -13).
2, 19
Let v(i) = -5654*i + 430. What are the prime factors of v(-2)?
2, 5869
Let z(r) = 3960*r - 52. List the prime factors of z(2).
2, 7, 281
Let f(u) = u**3 + 60*u**2 + 80*u - 586. What are the prime factors of f(-43)?
27407
Suppose 0*y + 11 = -4*y - 3*c, 5*y + 6 = 4*c. What are the prime factors of (-16666)/(-39) + y/(-3)?
2, 107
List the prime factors of (3 - (-43690)/5) + -1.
2, 5, 19, 23
Suppose -5*c = -4*c. Let z = 4729 + -4603. Suppose -t - 6*t + z = c. List the prime factors of t.
2, 3
Suppose 0 = 10*h - 834949 - 1927151. What are the prime factors of 1/4 - h/(-248)?
2, 557
Let s = -32 + 108. Suppose -75*w - 444 = -s*w. What are the prime factors of w?
2, 3, 37
Let o = -25377 + 45386. List the prime factors of o.
11, 17, 107
Let k = -5631 - -8441. What are the prime factors of k?
2, 5, 281
Suppose 6*n - 2*n = 12. Suppose 7*h - 3*v = 10*h - 303, n*v = -3. What are the prime factors of h?
2, 3, 17
Let u be (-1 - 0)/(43/(-42) - -1). Let o = 41 - u. What are the prime factors of (o*3/3)/(10/(-1490))?
149
Let k = -285 - -288. Suppose -1 = h, k*l = -0*l + 4*h + 2659. List the prime factors of l.
3, 5, 59
Suppose 0 = -2*i + n + 69341, 4*i + 10451 = 4*n + 149135. What are the prime factors of i?
2, 5, 3467
Let z(b) = -b**3 + 7*b**2 + 22*b - 43. Suppose -2*a + 6 = 2*h, 5*a + 1 = 3*h - 6*h. What are the prime factors of z(h)?
3, 23
Let h(v) = v**2 - 8*v - 28. Let s be h(11). Suppose -s*w + 480 = 5*w. What are the prime factors of (0 + -7)/(-1 - (-45)/w)?
2, 7
Let g be (5/2)/(2/4). Let r be 2*(139/54 + (-86)/1161). Suppose -r*f - 5*o = -220, 6*f = f + g*o + 190. List the prime factors of f.
41
Let z(i) = -i**3 - 4*i**2 + 2. Let y be z(-4). Let k = -18 - y. List the prime factors of (k/(-16))/(3/156).
5, 13
Let o = 2203 + 696. List the prime factors of o.
13, 223
Let f = 12274 + -11593. List the prime factors of f.
3, 227
Suppose -93268 + 1592893 = 31*f. List the prime factors of f.
3, 5, 43
List the prime factors of ((-12)/(-2) + (-8)/(-10))*5435.
2, 17, 1087
Let l be ((-11)/(-3))/(10/90). Let q be 3 + (2 - 4) + l. Suppose q + 23 = 3*v. List the prime factors of v.
19
Suppose -5 + 15 = -q. Let f(t) be the first derivative of -t**2/2 - 6*t + 469. List the prime factors of f(q).
2
Let u = -5542 - -26135. What are the prime factors of u?
20593
Let n(s) = s**3 - 6*s**2 + 7*s - 5. Let z be n(5). Suppose 2*p + 3*y = -2*p + 486, -z*y = -10. What are the prime factors of p?
2, 3, 5
Let t(i) = i**3 + 31*i**2 + 41*i + 14. Let h(u) = -u**3 + 18*u**2 - 35*u + 19. Let r be h(16). What are the prime factors of t(r)?
3, 13
Suppose 7*s - 16 + 2 = 0. What are the prime factors of s/7 + 64162/98?
5, 131
Let c(i) = 910*i**2 - 33*i + 163. What are the prime factors of c(5)?
2, 11, 47
Let a = -46 - -19. Let h = a - -27. Let v(s) = 4*s + 11. What are the prime factors of v(h)?
11
Let t(u) = -172 + 174 - u**2 + 9*u + 0*u. Let d be t(9). Suppose q + 4*q - f - 1129 = 0, 0 = 2*q - d*f - 458. List the prime factors of q.
3, 5
Let m = 12 + -17. Let n(j) = j**3 + 4*j**2 - 4*j + 7. Let w be n(m). What are the prime factors of (-50)/(-1 - (w - (-4)/(-4)))?
5
Suppose -3*a - 57 = -4*a. Let j = a + -27. Suppose -l + j = 2*l. List the prime factors of l.
2, 5
Let h = 7231 + -2797. What are the prime factors of h?
2, 3, 739
Suppose 3*u + 0*u + 19 = 4*o, 27 = 3*o + 2*u. Suppose o*w + 264 = 1272. List the prime factors of w.
2, 3
Suppose -3360 = -25*v + 490. Suppose v + 178 = d. List the prime factors of d.
2, 83
Let t(z) = -3*z - 13. Let l be t(-5). Let d be ((-4)/6)/(l/(-42)). Suppose -3 = x, -4*o = 4*x - d - 10. What are the prime factors of o?
3
List the prime factors of ((-3906)/315)/(-2*(-3)/(-3000)).
2, 5, 31
Let z = 59 - 55. Suppose 0 = -2*m - 4, 102 = -v + z*m + m. List the prime factors of v/12*18/(-4).
2, 3, 7
Let w = -41145 + 62222. What are the prime factors of w?
7, 3011
Suppose -168*o + 1295520 = -152*o + 364960. What are the prime factors of o?
2, 5, 727
Let k(s) = -2*s**2 + 2*s + 41. Let n be k(0). Suppose -n*h + 191 = -40*h. List the prime factors of h.
191
Let q(l) = 331*l**2 + 150*l + 1132. What are the prime factors of q(-7)?
16301
Let h be (20/40)/(2/4) - -21. Let a = h - -62. List the prime factors of a.
2, 3, 7
Let m(n) = -n**2 - 3*n + 13. Let z be m(-7). Let l(w) = w**2 - 10. What ar